{"id":92,"date":"2024-03-23T16:33:11","date_gmt":"2024-03-23T16:33:11","guid":{"rendered":"https:\/\/sunsetfilm.de\/?page_id=92"},"modified":"2024-09-04T14:32:54","modified_gmt":"2024-09-04T14:32:54","slug":"personal","status":"publish","type":"page","link":"https:\/\/sunsetfilm.de\/?page_id=92","title":{"rendered":"Service"},"content":{"rendered":"\n    \n    <section class=\"u-align-left u-clearfix u-container-align-left u-image u-shading lazyload u-section-2\" id=\"sec-1b10\" data-image-width=\"3201\" data-image-height=\"1993\" data-bg=\"url('https:\/\/sunset-film.s3.eu-central-1.amazonaws.com\/Service\/Bilder\/gordon-wells-CmD0sklAfAM-unsplash.jpeg')\">\n      <div class=\"u-clearfix u-sheet u-sheet-1\">\n        <h1 class=\"u-align-left u-text u-title u-text-1\"> SunSet - Ihr Partner f\u00fcr professionelle Personalvermittlung in der Filmindustrie<\/h1>\n        <p class=\"u-align-left u-large-text u-text u-text-variant u-text-2\"> Wir verbinden Kreativit\u00e4t mit Expertise und finden die perfekten Talente f\u00fcr Ihr Filmprojekt.<\/p>\n      <\/div>\n    <\/section>\n    <section class=\"u-clearfix u-container-align-center-sm u-container-align-center-xs u-white u-section-3\" id=\"carousel_2e62\">\n      <div class=\"u-clearfix u-sheet u-sheet-1\">\n        <h3 class=\"u-align-center-sm u-align-center-xs u-text u-text-1\"> Unsere Leistungen:<\/h3>\n        <div class=\"u-expanded-width u-list u-list-1\">\n          <div class=\"u-repeater u-repeater-1\">\n            <div class=\"u-container-align-center-sm u-container-align-center-xs u-container-style u-list-item u-repeater-item\">\n              <div class=\"u-container-layout u-similar-container u-container-layout-1\">\n                <h4 class=\"u-align-center-sm u-align-center-xs u-text u-text-2\"> Personalvermittlung<\/h4>\n                <p class=\"u-small-text u-text u-text-variant u-text-3\"> Wir verstehen die einzigartigen Anforderungen Ihrer Produktion und finden ma\u00dfgeschneiderte L\u00f6sungen, indem wir Ihnen Fachkr\u00e4fte anbieten, die genau Ihren Anforderungen entsprechen. Egal, ob Sie nach erfahrenen Kameraleuten, Tontechnikern, Beleuchtern oder Regisseuren suchen \u2013 wir haben die richtigen Mittarbeiter f\u00fcr Sie. Wir k\u00f6nnen auch nach A\u00dcG (Arbeitnehmer\u00fcberlassungsgesetz) \u00fcber ein befristetes Angestelltenverh\u00e4ltnis abrechnen, bei dem wir uns am IGLB &amp; TV FFS orientieren. Sprechen Sie uns gerne an.&nbsp;<br>\n                <\/p>\n              <\/div>\n            <\/div>\n            <div class=\"u-container-align-center-sm u-container-align-center-xs u-container-style u-list-item u-repeater-item\">\n              <div class=\"u-container-layout u-similar-container u-container-layout-2\">\n                <h4 class=\"u-align-center-sm u-align-center-xs u-text u-text-4\"> Branchenspezifische Expertise: <\/h4>\n                <p class=\"u-small-text u-text u-text-variant u-text-5\"> Unsere Schwerpunkt liegt im Bereich Filmproduktion, daher wissen wir, worauf es bei der Auswahl Personals ankommt.&nbsp;<br>Wir stellen sicher das \u00fcber uns vermittelte Personal die fachliche Qualifikation und Erfahrung, f\u00fcr ihr Projekt, mitbringt.<br>\n                <\/p>\n              <\/div>\n            <\/div>\n            <div class=\"u-container-align-center-sm u-container-align-center-xs u-container-style u-list-item u-repeater-item\">\n              <div class=\"u-container-layout u-similar-container u-container-layout-3\">\n                <h4 class=\"u-align-center-sm u-align-center-xs u-text u-text-6\"> Effiziente Prozesse:<\/h4>\n                <p class=\"u-small-text u-text u-text-variant u-text-7\"> Wir wissen, dass Zeit ein entscheidender Faktor in der Filmindustrie ist. Daher arbeiten wir effizient und zielgerichtet, um Ihnen innerhalb k\u00fcrzester Zeit qualifiziertes Personal bereitzustellen.&nbsp;<br>Unser Ziel ist es, den Rekrutierungsprozess so einfach wie m\u00f6glich f\u00fcr sie zu gestalten, damit Sie sich auf das Wesentliche konzentrieren k\u00f6nnen - die Realisierung Ihrer Vision.<br>\n                <\/p>\n              <\/div>\n            <\/div>\n          <\/div>\n        <\/div>\n      <\/div>\n    <\/section>\n    <section class=\"u-clearfix u-section-4\" id=\"carousel_7939\">\n      <div class=\"u-clearfix u-sheet u-sheet-1\">\n        <div class=\"data-layout-selected u-align-left-lg u-clearfix u-expanded-width u-gutter-0 u-layout-wrap u-layout-wrap-1\">\n          <div class=\"u-layout\">\n            <div class=\"u-layout-row\">\n              <div class=\"u-container-align-center-sm u-container-align-center-xs u-container-style u-grey-60 u-layout-cell u-size-37-md u-size-37-sm u-size-37-xs u-size-40-lg u-size-40-xl u-layout-cell-1\">\n                <div class=\"u-container-layout u-valign-middle-xl u-container-layout-1\">\n                  <h3 class=\"u-align-center-sm u-align-center-xs u-text u-text-default-xl u-text-1\">Wir sind auf der Suche nach Unters\u00fctzung!<br>\n                  <\/h3>\n                <\/div>\n              <\/div>\n              <div class=\"u-container-style u-grey-70 u-layout-cell u-size-20-lg u-size-20-xl u-size-23-md u-size-23-sm u-size-23-xs u-layout-cell-2\">\n                <div class=\"u-container-layout u-valign-middle u-container-layout-2\">\n                  <a href=\"https:\/\/tally.so\/r\/3yxO1W\" class=\"u-border-none u-btn u-button-style u-palette-4-base u-btn-1\" target=\"_blank\">Bewerben <\/a>\n                <\/div>\n              <\/div>\n            <\/div>\n          <\/div>\n        <\/div>\n      <\/div>\n    <\/section>\n    \n    \n    \n    \n    \n    \n  \n","protected":false},"excerpt":{"rendered":"<p>SunSet &#8211; Ihr Partner f\u00fcr professionelle Personalvermittlung in der Filmindustrie Wir verbinden Kreativit\u00e4t mit Expertise und finden die perfekten Talente f\u00fcr Ihr Filmprojekt. Unsere Leistungen: Personalvermittlung Wir verstehen die einzigartigen Anforderungen Ihrer Produktion und finden ma\u00dfgeschneiderte L\u00f6sungen, indem wir Ihnen Fachkr\u00e4fte anbieten, die genau Ihren Anforderungen entsprechen. Egal, ob Sie nach erfahrenen Kameraleuten, Tontechnikern, Beleuchtern &hellip; <a href=\"https:\/\/sunsetfilm.de\/?page_id=92\" class=\"more-link\">Continue reading<span class=\"screen-reader-text\"> &#8222;Service&#8220;<\/span><\/a><\/p>\n","protected":false},"author":1,"featured_media":0,"parent":0,"menu_order":1,"comment_status":"closed","ping_status":"closed","template":"","meta":{"footnotes":""},"class_list":["post-92","page","type-page","status-publish","hentry"],"yoast_head":"<!-- This site is optimized with the Yoast SEO plugin v23.3 - https:\/\/yoast.com\/wordpress\/plugins\/seo\/ -->\n<title>Service - SunSet Filmger\u00e4teverleih<\/title>\n<meta name=\"robots\" content=\"index, follow, max-snippet:-1, max-image-preview:large, max-video-preview:-1\" \/>\n<link rel=\"canonical\" href=\"https:\/\/sunsetfilm.de\/?page_id=92\" \/>\n<meta property=\"og:locale\" content=\"de_DE\" \/>\n<meta property=\"og:type\" content=\"article\" \/>\n<meta property=\"og:title\" content=\"Service - SunSet Filmger\u00e4teverleih\" \/>\n<meta property=\"og:description\" content=\"SunSet - Ihr Partner f\u00fcr professionelle Personalvermittlung in der Filmindustrie Wir verbinden Kreativit\u00e4t mit Expertise und finden die perfekten Talente f\u00fcr Ihr Filmprojekt. Unsere Leistungen: Personalvermittlung Wir verstehen die einzigartigen Anforderungen Ihrer Produktion und finden ma\u00dfgeschneiderte L\u00f6sungen, indem wir Ihnen Fachkr\u00e4fte anbieten, die genau Ihren Anforderungen entsprechen. Egal, ob Sie nach erfahrenen Kameraleuten, Tontechnikern, Beleuchtern &hellip; Continue reading &quot;Service&quot;\" \/>\n<meta property=\"og:url\" content=\"https:\/\/sunsetfilm.de\/?page_id=92\" \/>\n<meta property=\"og:site_name\" content=\"SunSet Filmger\u00e4teverleih\" \/>\n<meta property=\"article:publisher\" content=\"https:\/\/www.facebook.com\/SunSetFilmgeraeteverleih\" \/>\n<meta property=\"article:modified_time\" content=\"2024-09-04T14:32:54+00:00\" \/>\n<meta name=\"twitter:card\" content=\"summary_large_image\" \/>\n<meta name=\"twitter:label1\" content=\"Gesch\u00e4tzte Lesezeit\" \/>\n\t<meta name=\"twitter:data1\" content=\"2 Minuten\" \/>\n<script type=\"application\/ld+json\" class=\"yoast-schema-graph\">{\"@context\":\"https:\/\/schema.org\",\"@graph\":[{\"@type\":\"WebPage\",\"@id\":\"https:\/\/sunsetfilm.de\/?page_id=92\",\"url\":\"https:\/\/sunsetfilm.de\/?page_id=92\",\"name\":\"Service - SunSet Filmger\u00e4teverleih\",\"isPartOf\":{\"@id\":\"https:\/\/sunsetfilm.de\/#website\"},\"datePublished\":\"2024-03-23T16:33:11+00:00\",\"dateModified\":\"2024-09-04T14:32:54+00:00\",\"breadcrumb\":{\"@id\":\"https:\/\/sunsetfilm.de\/?page_id=92#breadcrumb\"},\"inLanguage\":\"de-DE\",\"potentialAction\":[{\"@type\":\"ReadAction\",\"target\":[\"https:\/\/sunsetfilm.de\/?page_id=92\"]}]},{\"@type\":\"BreadcrumbList\",\"@id\":\"https:\/\/sunsetfilm.de\/?page_id=92#breadcrumb\",\"itemListElement\":[{\"@type\":\"ListItem\",\"position\":1,\"name\":\"Startseite\",\"item\":\"https:\/\/sunsetfilm.de\/\"},{\"@type\":\"ListItem\",\"position\":2,\"name\":\"Service\"}]},{\"@type\":\"WebSite\",\"@id\":\"https:\/\/sunsetfilm.de\/#website\",\"url\":\"https:\/\/sunsetfilm.de\/\",\"name\":\"SunSet Filmger\u00e4teverleih\",\"description\":\"\",\"publisher\":{\"@id\":\"https:\/\/sunsetfilm.de\/#organization\"},\"potentialAction\":[{\"@type\":\"SearchAction\",\"target\":{\"@type\":\"EntryPoint\",\"urlTemplate\":\"https:\/\/sunsetfilm.de\/?s={search_term_string}\"},\"query-input\":\"required name=search_term_string\"}],\"inLanguage\":\"de-DE\"},{\"@type\":\"Organization\",\"@id\":\"https:\/\/sunsetfilm.de\/#organization\",\"name\":\"SunSet Filmger\u00e4teverleih\",\"url\":\"https:\/\/sunsetfilm.de\/\",\"logo\":{\"@type\":\"ImageObject\",\"inLanguage\":\"de-DE\",\"@id\":\"https:\/\/sunsetfilm.de\/#\/schema\/logo\/image\/\",\"url\":\"https:\/\/sunsetfilm.de\/wp-content\/uploads\/2024\/03\/Logo_Rechteck_transparent-2.png\",\"contentUrl\":\"https:\/\/sunsetfilm.de\/wp-content\/uploads\/2024\/03\/Logo_Rechteck_transparent-2.png\",\"width\":1600,\"height\":610,\"caption\":\"SunSet Filmger\u00e4teverleih\"},\"image\":{\"@id\":\"https:\/\/sunsetfilm.de\/#\/schema\/logo\/image\/\"},\"sameAs\":[\"https:\/\/www.facebook.com\/SunSetFilmgeraeteverleih\",\"https:\/\/www.instagram.com\/sunset_filmgeraeteverleih\/\"]}]}<\/script>\n<!-- \/ Yoast SEO plugin. -->","yoast_head_json":{"title":"Service - SunSet Filmger\u00e4teverleih","robots":{"index":"index","follow":"follow","max-snippet":"max-snippet:-1","max-image-preview":"max-image-preview:large","max-video-preview":"max-video-preview:-1"},"canonical":"https:\/\/sunsetfilm.de\/?page_id=92","og_locale":"de_DE","og_type":"article","og_title":"Service - SunSet Filmger\u00e4teverleih","og_description":"SunSet - Ihr Partner f\u00fcr professionelle Personalvermittlung in der Filmindustrie Wir verbinden Kreativit\u00e4t mit Expertise und finden die perfekten Talente f\u00fcr Ihr Filmprojekt. Unsere Leistungen: Personalvermittlung Wir verstehen die einzigartigen Anforderungen Ihrer Produktion und finden ma\u00dfgeschneiderte L\u00f6sungen, indem wir Ihnen Fachkr\u00e4fte anbieten, die genau Ihren Anforderungen entsprechen. Egal, ob Sie nach erfahrenen Kameraleuten, Tontechnikern, Beleuchtern &hellip; Continue reading \"Service\"","og_url":"https:\/\/sunsetfilm.de\/?page_id=92","og_site_name":"SunSet Filmger\u00e4teverleih","article_publisher":"https:\/\/www.facebook.com\/SunSetFilmgeraeteverleih","article_modified_time":"2024-09-04T14:32:54+00:00","twitter_card":"summary_large_image","twitter_misc":{"Gesch\u00e4tzte Lesezeit":"2 Minuten"},"schema":{"@context":"https:\/\/schema.org","@graph":[{"@type":"WebPage","@id":"https:\/\/sunsetfilm.de\/?page_id=92","url":"https:\/\/sunsetfilm.de\/?page_id=92","name":"Service - SunSet Filmger\u00e4teverleih","isPartOf":{"@id":"https:\/\/sunsetfilm.de\/#website"},"datePublished":"2024-03-23T16:33:11+00:00","dateModified":"2024-09-04T14:32:54+00:00","breadcrumb":{"@id":"https:\/\/sunsetfilm.de\/?page_id=92#breadcrumb"},"inLanguage":"de-DE","potentialAction":[{"@type":"ReadAction","target":["https:\/\/sunsetfilm.de\/?page_id=92"]}]},{"@type":"BreadcrumbList","@id":"https:\/\/sunsetfilm.de\/?page_id=92#breadcrumb","itemListElement":[{"@type":"ListItem","position":1,"name":"Startseite","item":"https:\/\/sunsetfilm.de\/"},{"@type":"ListItem","position":2,"name":"Service"}]},{"@type":"WebSite","@id":"https:\/\/sunsetfilm.de\/#website","url":"https:\/\/sunsetfilm.de\/","name":"SunSet Filmger\u00e4teverleih","description":"","publisher":{"@id":"https:\/\/sunsetfilm.de\/#organization"},"potentialAction":[{"@type":"SearchAction","target":{"@type":"EntryPoint","urlTemplate":"https:\/\/sunsetfilm.de\/?s={search_term_string}"},"query-input":"required name=search_term_string"}],"inLanguage":"de-DE"},{"@type":"Organization","@id":"https:\/\/sunsetfilm.de\/#organization","name":"SunSet Filmger\u00e4teverleih","url":"https:\/\/sunsetfilm.de\/","logo":{"@type":"ImageObject","inLanguage":"de-DE","@id":"https:\/\/sunsetfilm.de\/#\/schema\/logo\/image\/","url":"https:\/\/sunsetfilm.de\/wp-content\/uploads\/2024\/03\/Logo_Rechteck_transparent-2.png","contentUrl":"https:\/\/sunsetfilm.de\/wp-content\/uploads\/2024\/03\/Logo_Rechteck_transparent-2.png","width":1600,"height":610,"caption":"SunSet Filmger\u00e4teverleih"},"image":{"@id":"https:\/\/sunsetfilm.de\/#\/schema\/logo\/image\/"},"sameAs":["https:\/\/www.facebook.com\/SunSetFilmgeraeteverleih","https:\/\/www.instagram.com\/sunset_filmgeraeteverleih\/"]}]}},"_links":{"self":[{"href":"https:\/\/sunsetfilm.de\/index.php?rest_route=\/wp\/v2\/pages\/92"}],"collection":[{"href":"https:\/\/sunsetfilm.de\/index.php?rest_route=\/wp\/v2\/pages"}],"about":[{"href":"https:\/\/sunsetfilm.de\/index.php?rest_route=\/wp\/v2\/types\/page"}],"author":[{"embeddable":true,"href":"https:\/\/sunsetfilm.de\/index.php?rest_route=\/wp\/v2\/users\/1"}],"replies":[{"embeddable":true,"href":"https:\/\/sunsetfilm.de\/index.php?rest_route=%2Fwp%2Fv2%2Fcomments&post=92"}],"version-history":[{"count":12,"href":"https:\/\/sunsetfilm.de\/index.php?rest_route=\/wp\/v2\/pages\/92\/revisions"}],"predecessor-version":[{"id":376,"href":"https:\/\/sunsetfilm.de\/index.php?rest_route=\/wp\/v2\/pages\/92\/revisions\/376"}],"wp:attachment":[{"href":"https:\/\/sunsetfilm.de\/index.php?rest_route=%2Fwp%2Fv2%2Fmedia&parent=92"}],"curies":[{"name":"wp","href":"https:\/\/api.w.org\/{rel}","templated":true}]}}